sor of 35 and 6510.
35
What is the highest common divisor of 462 and 99?
33
What is the highest common factor of 864 and 192?
96
Calculate the greatest common divisor of 63 and 21.
21
What is the greatest common factor of 372 and 5766?
186
What is the highest common factor of 44 and 418?
22
Calculate the highest common factor of 56 and 182.
14
Calculate the highest common factor of 99 and 171.
9
Calculate the greatest common divisor of 108 and 180.
36
What is the greatest common factor of 1991 and 33?
11
What is the highest common factor of 12 and 1797?
3
What is the highest common factor of 39 and 2275?
13
Calculate the greatest common factor of 364 and 210.
14
Calculate the greatest common divisor of 175 and 5425.
175
Calculate the highest common factor of 123 and 6.
3
Calculate the highest common factor of 40 and 320.
40
Calculate the greatest common factor of 98 and 2450.
98
Calculate the greatest common divisor of 19 and 49.
1
What is the highest common factor of 138 and 322?
46
Calculate the greatest common factor of 33 and 2211.
33
What is the greatest common divisor of 75 and 38775?
75
Calculate the greatest common factor of 51 and 264.
3
Calculate the greatest common factor of 8590 and 10.
10
What is the greatest common divisor of 780 and 480?
60
Calculate the greatest common divisor of 8 and 1096.
8
Calculate the greatest common factor of 2 and 478.
2
Calculate the greatest common divisor of 54 and 216.
54
What is the greatest common divisor of 136 and 1105?
17
Calculate the greatest common factor of 16 and 144.
16
What is the greatest common factor of 1539 and 1368?
171
What is the greatest common factor of 26005 and 245?
35
What is the greatest common factor of 28503 and 18?
9
Calculate the highest common divisor of 12 and 918.
6
What is the greatest common divisor of 455 and 130?
65
Calculate the greatest common factor of 2 and 50.
2
Calculate the greatest common divisor of 7040 and 1540.
220
Calculate the highest common factor of 1287 and 26.
13
Calculate the highest common divisor of 274 and 4384.
274
Calculate the greatest common factor of 119 and 39389.
119
Calculate the highest common divisor of 6 and 12.
6
What is the greatest common factor of 24 and 17844?
12
What is the greatest common divisor of 132 and 1254?
66
What is the highest common divisor of 95 and 171?
19
Calculate the highest common factor of 22134 and 119.
119
What is the greatest common factor of 244 and 8?
4
Calculate the greatest common factor of 999 and 243.
27
What is the highest common divisor of 22 and 44?
22
What is the highest common factor of 267 and 979?
89
What is the greatest common divisor of 13897 and 39?
13
What is the greatest common divisor of 468 and 72?
36
Calculate the greatest common divisor of 2 and 124.
2
What is the highest common factor of 187 and 88?
11
What is the highest common factor of 141 and 470?
47
What is the highest common divisor of 262 and 22?
2
Calculate the greatest common factor of 735 and 9.
3
What is the highest common factor of 112 and 14?
14
What is the greatest common factor of 639 and 9088?
71
Calculate the highest common factor of 3179 and 4624.
289
Calculate the greatest common divisor of 1275 and 153.
51
Calculate the highest common divisor of 94 and 470.
94
What is the highest common divisor of 35 and 1036?
7
Calculate the greatest common factor of 35 and 21.
7
What is the greatest common factor of 46 and 10?
2
What is the greatest common divisor of 1210 and 330?
110
Calculate the highest common factor of 392 and 147.
49
What is the highest common divisor of 44 and 1364?
44
Calculate the highest common divisor of 69 and 989.
23
What is the highest common divisor of 1160 and 11310?
290
What is the highest common divisor of 1552 and 64?
16
Calculate the highest common divisor of 216 and 297.
27
What is the highest common divisor of 6 and 1038?
6
What is the highest common divisor of 49 and 147?
49
What is the highest common divisor of 336 and 48?
48
Calculate the highest common divisor of 8 and 128.
8
Calculate the highest common divisor of 220 and 33.
11
Calculate the greatest common factor of 9205 and 35.
35
Calculate the highest common divisor of 350 and 200.
50
What is the highest common factor of 54 and 2214?
54
Calculate the greatest common factor of 595 and 105.
35
Calculate the greatest common factor of 918 and 7038.
306
What is the highest common factor of 256 and 8?
8
Calculate the highest common divisor of 15 and 1200.
15
What is the greatest common divisor of 3240 and 81?
81
Calculate the highest common divisor of 423 and 9.
9
What is the greatest common divisor of 57 and 456?
57
What is the highest common factor of 15975 and 225?
225
What is the greatest common divisor of 86 and 43989?
43
What is the greatest common factor of 534 and 30?
6
Calculate the highest common factor of 224 and 64.
32
What is the highest common factor of 21 and 273?
21
What is the highest common divisor of 424 and 954?
106
What is the greatest common factor of 3913 and 104?
13
What is the greatest common factor of 51 and 2873?
17
Calculate the highest common factor of 7882 and 98.
14
Calculate the greatest common factor of 1022 and 56.
14
What is the greatest common factor of 6103 and 17?
17
What is the greatest common factor of 93 and 744?
93
What is the greatest common factor of 2378 and 123?
41
What is the highest common factor of 1453 and 9?
1
Calculate the highest common divisor of 40 and 790.
10
Calculate the greatest common divisor of 10 and 250.
10
Calculate the highest common factor of 18 and 3114.
18
Calculate the highest common factor of 1534 and 2419.
59
Calculate the greatest common divisor of 15 and 1445.
5
What is the highest common divisor of 1012 and 13800?
92
Calculate the greatest common factor of 152 and 5.
1
Calculate the highest common factor of 325 and 455.
65
Calculate the highest common divisor of 1160 and 40.
40
Calculate the greatest common factor of 768 and 576.
192
Calculate the highest common factor of 460 and 60.
20
Calculate the highest common divisor of 48 and 6108.
12
Calculate the highest common divisor of 70 and 16.
2
What is the highest common divisor of 60 and 20?
20
Calculate the greatest common divisor of 9 and 7020.
9
What is the greatest common factor of 21 and 672?
21
What is the greatest common divisor of 54 and 12942?
18
Calculate the highest common factor of 243 and 18.
9
What is the highest common factor of 86 and 16?
2
What is the greatest common divisor of 98 and 14?
14
Calculate the highest common factor of 9493 and 22.
11
What is the greatest common factor of 1148 and 28?
28
What is the highest common factor of 21 and 3934?
7
What is the highest common factor of 18 and 728?
2
Calculate the highest common factor of 3300 and 88.
44
Calculate the greatest common factor of 407 and 37.
37
Calculate the greatest common divisor of 14363 and 53.
53
Calculate the highest common factor of 104 and 273.
13
What is the greatest common divisor of 117 and 2691?
117
Calculate the highest common divisor of 510 and 119.
17
Calculate the greatest common divisor of 1012 and 184.
92
What is the greatest common divisor of 549 and 244?
61
Calculate the highest common factor of 38 and 13.
1
What is the greatest common divisor of 49 and 308?
7
Calculate the greatest common divisor of 52 and 104.
52
What is the greatest common divisor of 48 and 1488?
48
What is the highest common factor of 279 and 62?
31
Calculate the greatest common divisor of 9782 and 73.
73
What is the highest common divisor of 24 and 1296?
24
What is the highest common divisor of 105 and 1380?
15
Calculate the highest common factor of 1116 and 36.
36
What is the highest common divisor of 17 and 153?
17
What is the highest common divisor of 3 and 13998?
3
Calculate the highest common divisor of 21 and 12.
3
What is the greatest common factor of 96 and 528?
48
What is the greatest common factor of 468 and 108?
36
Calculate the greatest common divisor of 8 and 24.
8
Calculate the greatest common factor of 60 and 105.
15
Calculate the highest common divisor of 630 and 9072.
126
What is the greatest common factor of 12 and 96?
12
Calculate the highest common factor of 561 and 99.
33
Calculate the highest common factor of 15113 and